d 2070624?
16
Calculate the greatest common divisor of 156 and 1135054960.
52
Calculate the greatest common divisor of 4845 and 21910705.
1615
What is the greatest common divisor of 2793866 and 32426?
1046
Calculate the highest common divisor of 10656 and 109730160.
5328
What is the greatest common factor of 5186860 and 4760?
140
Calculate the highest common factor of 153 and 1209771.
153
Calculate the highest common factor of 83025 and 1834299.
1107
Calculate the greatest common divisor of 4771 and 175059.
367
Calculate the highest common divisor of 4607398 and 29317.
1543
What is the greatest common factor of 13516 and 46748?
124
What is the highest common factor of 635964 and 240664?
268
Calculate the greatest common factor of 201 and 81005345.
67
Calculate the highest common factor of 38436 and 18060.
12
Calculate the highest common factor of 2480 and 761475320.
1240
Calculate the greatest common divisor of 966002 and 1852534.
1766
What is the highest common divisor of 8922128 and 48?
16
What is the highest common divisor of 48996 and 18720?
36
What is the highest common divisor of 579856472 and 104?
104
What is the greatest common divisor of 43744903 and 67?
67
What is the highest common divisor of 5652 and 32355188?
628
What is the highest common factor of 36348978 and 12?
6
What is the greatest common factor of 1218 and 76852146?
1218
What is the greatest common factor of 24 and 148126998?
6
Calculate the highest common factor of 10 and 1958595.
5
What is the highest common factor of 20295258 and 752?
94
What is the highest common factor of 134168753 and 83?
83
What is the highest common factor of 25014 and 4422?
66
Calculate the greatest common factor of 2642758954 and 22924.
11462
What is the greatest common divisor of 13664095 and 10?
5
Calculate the highest common divisor of 2280 and 160977120.
2280
Calculate the highest common factor of 9533855 and 2635.
85
What is the highest common factor of 984 and 592701822?
246
What is the greatest common factor of 185 and 610780?
5
Calculate the greatest common factor of 64216602 and 19464.
4866
What is the greatest common factor of 134536402 and 695929?
14807
Calculate the greatest common divisor of 399336 and 746378.
4754
Calculate the greatest common divisor of 17908 and 1920.
4
What is the highest common factor of 14992 and 5395760?
16
Calculate the highest common divisor of 67326267 and 69.
69
Calculate the highest common factor of 1668 and 8533905.
417
What is the greatest common factor of 86920 and 17548?
164
Calculate the highest common factor of 322308 and 27252.
36
What is the highest common divisor of 30 and 71116575?
15
Calculate the highest common factor of 28 and 88023334.
14
What is the greatest common factor of 12 and 18067764?
12
What is the greatest common factor of 795270 and 22050?
1470
Calculate the highest common divisor of 430970750 and 50.
50
What is the greatest common factor of 162 and 153718074?
162
What is the highest common divisor of 1784376 and 7128?
2376
Calculate the greatest common divisor of 244 and 92901353.
61
Calculate the highest common divisor of 28 and 561176.
28
What is the highest common divisor of 1492830 and 1164510?
5130
Calculate the greatest common factor of 14 and 11142803.
7
What is the highest common factor of 528 and 59526456?
264
What is the highest common factor of 6496 and 8864256?
928
Calculate the highest common factor of 633269596 and 101.
101
What is the greatest common divisor of 3130700 and 940?
20
Calculate the highest common factor of 21034048 and 2436.
812
What is the greatest common factor of 147 and 1083243?
147
What is the greatest common divisor of 3062205 and 5265?
405
What is the greatest common divisor of 4064 and 16652?
4
What is the greatest common factor of 3456921 and 3699?
411
What is the greatest common factor of 5017 and 670721?
173
Calculate the highest common factor of 1776 and 100307.
37
What is the highest common factor of 16124040 and 1080?
360
Calculate the highest common factor of 16224 and 141346868.
676
What is the highest common factor of 71 and 42143470?
71
Calculate the highest common divisor of 318786448 and 272.
272
What is the highest common factor of 6811 and 83539?
139
Calculate the greatest common factor of 3087660 and 960.
60
What is the greatest common divisor of 3150741 and 4224?
33
What is the highest common factor of 81411 and 6468?
33
Calculate the highest common divisor of 27252 and 35928.
36
What is the highest common factor of 2133283716 and 36?
36
What is the highest common divisor of 453871138 and 7?
7
Calculate the highest common factor of 16038 and 963198.
54
What is the highest common factor of 3586 and 2465782?
22
Calculate the greatest common factor of 14607150 and 600.
150
What is the highest common divisor of 9514 and 2106002?
142
Calculate the highest common factor of 173498 and 7826.
26
What is the greatest common divisor of 5875 and 8761975?
1175
What is the highest common factor of 1548 and 222588?
36
What is the greatest common divisor of 16701849 and 918?
27
What is the highest common factor of 9 and 58696803?
9
What is the greatest common divisor of 8088712 and 1304?
1304
Calculate the greatest common divisor of 808104 and 98208.
264
Calculate the greatest common factor of 4241075 and 1445.
1445
What is the greatest common factor of 26542 and 33959912?
1154
What is the greatest common divisor of 3262109 and 1518330?
4601
Calculate the highest common divisor of 414 and 34803922.
46
Calculate the greatest common factor of 10396997 and 32643.
403
What is the highest common factor of 2165 and 16305481?
433
What is the greatest common divisor of 5586867 and 606177?
3861
Calculate the highest common factor of 4214441 and 20580.
343
What is the greatest common divisor of 594 and 34163613?
297
What is the highest common factor of 294 and 3680341?
49
Calculate the greatest common factor of 11474355 and 138.
69
What is the greatest common divisor of 9774762 and 582?
6
Calculate the highest common divisor of 296633964 and 264.
132
Calculate the highest common factor of 9653 and 253736.
1379
Calculate the highest common divisor of 20617974 and 16644.
438
What is the highest common factor of 19321639 and 901?
17
Calculate the highest common factor of 20034 and 7466958.
2862
What is the greatest common divisor of 6183 and 8619789?
687
Calculate the greatest common factor of 87658 and 4879.
41
What is the highest common divisor of 5084328 and 656?
328
What is the highest common divisor of 4081 and 8085044?
583
What is the highest common factor of 7486 and 278303279?
3743
What is the highest common factor of 236 and 98693902?
118
Calculate the greatest common divisor of 114071 and 389.
1
What is the highest common factor of 20 and 39826300?
20
What is the greatest common factor of 959683 and 1391?
107
What is the highest common divisor of 93086 and 37646?
14
What is the highest common factor of 2609210 and 135?
5
Calculate the highest common divisor of 79128 and 20890891.
1099
Calculate the highest common factor of 44 and 1276478874.
22
Calculate the greatest common divisor of 1479 and 9915709.
493
Calculate the highest common divisor of 2617776 and 136899.
3339
Calculate the greatest common factor of 3050 and 6632774.
122
What is the highest common factor of 37898 and 78750?
14
Calculate the highest common factor of 464830060 and 5.
5
What is the greatest common factor of 7583986 and 982?
982
Calculate the highest common divisor of 1170 and 29787270.
30
What is the greatest common divisor of 24 and 103730052?
12
Calculate the greatest common factor of 720 and 166146390.
90
What is the greatest common factor of 1989415 and 183212?
163
What is the highest common divisor of 16355212 and 1264?
316
Calculate the greatest common divisor of 15 and 35221530.
15
Calculate the greatest common divisor of 4815 and 264846935.
535
What is the highest common factor of 1513 and 376?
1
Calculate the greatest common factor of 122 and 180682427.
61
What is the greatest common factor of 8968 and 16718594?
2242
Calculate the greatest common divisor of 6171125 and 1625.
125
Calculate the highest common factor of 11772 and 1382316.
12
Calculate the greatest common divisor of 1309584 and 816.
48
Calculate t